ed by 32?
28
Let q = 4518 - 4507. Suppose -1140 = -3*b - 2*b. What is the remainder when b is divided by q?
8
Let n = 1474 - 730. Suppose -2*c - 6*c = -n. What is the remainder when c is divided by 19?
17
Suppose 10*k + 161 = 17*k. Calculate the remainder when k is divided by ((-3)/4)/(3/(-24)).
5
Suppose 2*y + y = -y. Suppose 4*m - 6*m + 24 = y. Calculate the remainder when 18 is divided by m.
6
Let b be (52 - (0 + -1)) + 0. Let k(y) = -2*y - 70. Let t be k(-16). Let j = t + b. Calculate the remainder when 43 is divided by j.
13
Suppose 2*a + 1109 = 7*a - 4*q, -2*a - 3*q = -462. Calculate the remainder when a is divided by 86.
53
Suppose -46*y + 60*y - 56 = 0. Calculate the remainder when 367 is divided by y.
3
Let v(y) be the first derivative of 2*y**3/3 - y**2/2 + y - 3. Let w(q) = q**3 - 10*q**2 + 8*q + 5. Calculate the remainder when w(10) is divided by v(4).
27
Suppose -2*m + 2*u + 208 = 0, 4*u - 319 = -6*m + 3*m. Suppose 2 + 19 = l + 2*h, 3*h + 90 = 3*l. What is the remainder when m is divided by l?
24
Suppose -4*x + 28 - 4 = 0. Calculate the remainder when 17 is divided by 2/6 + 58/x.
7
Suppose -5*v + 10 = 0, -v = -4*r + 2*r + 28. Suppose -16*c + 39 = -r*c. What is the remainder when c is divided by 21?
18
Suppose -5*m + 45 + 5 = 0. Let l = 108 - m. Calculate the remainder when l is divided by 20.
18
Suppose -9 = -7*x + 4*x. Suppose -x*m = -0*m - 39. What is the remainder when 1*(m + -2 + 0) is divided by 6?
5
Calculate the remainder when 282/6 + -1 + 0 + -2 is divided by 36.
8
Suppose -3*g = -2*h - 186 + 57, -4*h + 70 = 2*g. Let n = 43 - g. Calculate the remainder when 26 is divided by n.
0
Suppose 4*g - g = 63. Suppose w + 4*i + g = 0, 2*i + i = -3*w - 18. What is the remainder when w + 15 - (1 + 0) is divided by 8?
5
Let f = -690 - -718. Let j = 149 + -41. What is the remainder when j is divided by f?
24
Let w(n) = 2*n**3 - 4*n**2 + 3*n - 4. Suppose -5*p + 184 = -l, 2*p - 4*l - 79 + 9 = 0. What is the remainder when w(4) is divided by p?
35
Let t = -81 + 246. Let f = t - 8. What is the remainder when f is divided by 53?
51
Let r(j) = -3*j**3 - 33*j**2 - 88*j - 6. Suppose -112 = 5*v + 28. Calculate the remainder when (v/5)/(4/(-30)) is divided by r(-7).
20
Suppose -5*r + r + 8 = 4*p, 14 = 3*p - 5*r. Suppose w = -2*h + 125, -h + 255 = 3*h + p*w. Calculate the remainder when h is divided by 9.
6
Let i = 22 + 30. Suppose 54*n = i*n + 238. What is the remainder when n is divided by 24?
23
Let p = -2 - 1. Suppose -26*b = -3*b - 276. Calculate the remainder when (23/p)/((-3)/9) is divided by b.
11
Calculate the remainder when 4/((-8)/(-10) - 364/490) is divided by 35.
0
Let c(k) = 27*k + 280. What is the remainder when 100 is divided by c(-9)?
26
Let y = 31 + -29. Calculate the remainder when 54 is divided by (4 - 9/y)*-22.
10
Let v(r) = -r**2 + 5*r + 366. What is the remainder when 133 is divided by v(21)?
13
Let s(z) = z - 10. Let t be s(14). Calculate the remainder when (-2)/(-8) + 777/12 is divided by (t/12*-17)/((-5)/15).
14
Let m(w) = 16*w**2 - 2*w - 2. Let k be m(-1). Suppose -k*b = -11*b - 85. Calculate the remainder when 63 is divided by b.
12
Suppose -7*o - 6 + 20 = 0. Let r(j) = -2*j**3 + j**2 - 1. Let a be r(-1). Suppose s = a - 0. What is the remainder when s is divided by o?
0
Let w(m) = 4*m**2 + 15*m - 79. What is the remainder when w(6) is divided by 39?
38
Let s(a) = -10*a + 236. Calculate the remainder when s(0) is divided by 61.
53
Suppose -4*h + 4 = -2*h. Suppose -4 = -3*p + h. Suppose -q - 17 = -p*q. Calculate the remainder when q is divided by 5.
2
Let n(k) be the first derivative of k**3/3 - 7*k**2/2 + 15*k + 9. Calculate the remainder when n(7) is divided by (2 + 10/(-6))*12.
3
Let p(z) = -z**3 + 6*z**2 + 3*z + 2. Let g = -3 + 30. Suppose -g*n = -28*n + 11. What is the remainder when p(6) is divided by n?
9
Let c(u) = u**2 + 7*u + 3. Let v be c(-3). What is the remainder when 9 is divided by 27/4 - v/(-12)?
3
Suppose p - 10 = 2*d, 4*d + d = -5*p - 25. Suppose -4*k + 31 + 61 = p. Calculate the remainder when 66 is divided by k.
20
What is the remainder when 138 is divided by (2*39)/((-6)/(-4)) - 3?
40
Suppose -46 = -2*g + 40. Let y(q) = q**3 - 9*q**2 - 21*q - 8. Let f be y(11). Suppose f*j + 69 = 6*j. What is the remainder when g is divided by j?
20
Suppose 3*x - 9 = 0, 2*m + 12 = -3*m + 4*x. Suppose m = -4*o + 3*y + 9, -3*o + 0*y + 11 = 2*y. What is the remainder when o is divided by 3?
0
Suppose 0 = 5*t - 4*u - 71, 3*u = -5 - 7. Suppose -3*c = -3*k + 15, -k - 57*c + 53*c = 5. Calculate the remainder when t is divided by k.
2
Let p = 6 - -8. Suppose 0 = -4*r - 4*c + 3 + 13, 2*r - c = 14. Calculate the remainder when p is divided by r.
2
Suppose -68 = -1013*z + 1009*z. Calculate the remainder when 30 is divided by z.
13
Suppose -17*z + 3010 = -3*z. What is the remainder when z is divided by (-6)/(-12) - (-71)/2?
35
Let h = -1163 + 1470. Calculate the remainder when h is divided by 75.
7
Suppose 0 = 10*x - 7*x + 5*n - 129, 2*x = 4*n + 64. Calculate the remainder when 187 is divided by x.
35
Let y(l) = 3*l + 28. Let b be y(-7). Suppose -2*r + k - 237 = -b*r, -r - 2*k = -42. What is the remainder when r is divided by 7?
6
Suppose -5*x + 262 = w, 0*x - 3*w - 254 = -5*x. Calculate the remainder when x is divided by 28.
24
Let u(a) be the second derivative of a**4/12 - 2*a**3 + 2*a**2 - 2*a. Suppose q - 10 = 2. What is the remainder when 7 is divided by u(q)?
3
Let v = -15 - -51. Let r = 82 + -74. Calculate the remainder when v is divided by r.
4
Let u(x) = 7*x**2 + x + 4. Let m be u(3). Let y be (-28)/(-5) - 1 - (-58)/145. Suppose -m = -3*b + y. Calculate the remainder when b is divided by 7.
4
Let t = 543 + -531. Let i = -6 + 13. What is the remainder when t is divided by i?
5
Let y(q) = 5*q - 19. Let i be y(4). What is the remainder when i/3 + (-392)/(-12) is divided by 315/18 + 1/(-2)?
16
Suppose -4*z - 5*p + 158 = 0, -4*p - 105 = -3*z + 29. What is the remainder when 81 is divided by z?
39
Calculate the remainder when 2/(-6) + (-1472)/(-24) is divided by (-195)/(-12) + (-1)/4.
13
Let j = -64 - -117. Calculate the remainder when 143 is divided by j.
37
Let d = 180 - -108. Let q = d - 162. What is the remainder when q is divided by 43?
40
Let b(k) = 7*k**2 + 2. Suppose 120 = 19*m - 4*m. What is the remainder when b(2) is divided by m?
6
Let n be 10/(2/(-32)*-2). Suppose -n = -5*k - 0*k. What is the remainder when (-3)/((-2)/(-4)*2) + 66 is divided by k?
15
Let r = -596 - -859. Calculate the remainder when r is divided by 44.
43
Let w(q) = -q**3 + 13*q**2 + 9*q - 29. Let z(r) = -4*r**3 + 39*r**2 + 27*r - 88. Let m(o) = 7*w(o) - 2*z(o). What is the remainder when 19 is divided by m(-12)?
1
Let u be (-3)/(-2)*440/(-6). Calculate the remainder when 43 is divided by u/(-20)*(-1 + 3).
10
Let p = -5 + 9. Let i(l) = l**3 - 9*l**2 + 4*l + 2. Let c(u) = -u**2 - u. Let v(t) = c(t) - i(t). What is the remainder when v(p) is divided by 11?
9
Suppose 51*i - 115*i + 17664 = 0. What is the remainder when i is divided by 31?
28
What is the remainder when 14 is divided by ((-4)/(11 + -3))/(2/(-20))?
4
Suppose 2*t - 61 = -3*t + y, -4*y = -5*t + 64. Let q = 77 - 75. Suppose -q*p = 5*p - 329. What is the remainder when p is divided by t?
11
Suppose 5*n - 2*h + 501 = 1848, n + h = 275. What is the remainder when n is divided by 46?
41
Suppose 6*c - 4*c - 408 = -4*x, 3*c = x - 109. What is the remainder when 125 is divided by x?
22
Let t = 10 + -2. What is the remainder when (-1)/((-96)/(-104) - 1) is divided by t?
5
Let k(i) = i**3 + 10*i**2 - 16*i + 1. Let u be k(-11). Suppose -3*l + u = l. Suppose -32 = -3*w - 8. Calculate the remainder when l is divided by w.
6
Suppose -124 - 158 = -2*j. What is the remainder when j is divided by 37?
30
Let u = 0 - 0. Suppose u = -y + 4 + 5. Suppose -3*n - 4*l + 32 = 0, -3*n + 3*l = -19 - 41. Calculate the remainder when n is divided by y.
7
Let k = -11 - -17. Let a be (0 - 0) + -31 - 1. Let r = a - -54. Calculate the remainder when r is divided by k.
4
Let l(q) = -q**3 + 9*q**2 + 4*q - 26. What is the remainder when 221 is divided by l(8)?
11
Let n = -31 + 53. Let y = 37 - n. Calculate the remainder when y is divided by 8.
7
What is the remainder when 136 is divided by (4/(-5))/((-8)/380)?
22
Let p 